 = 4*i**3 - 10*i**2 + 9*i + 5. Let j(b) = a(b) + 3*w(b). Calculate j(6).
8
Let a be (6/(-12))/((-2)/4). Let d(l) = -4*l**3 - l**2. Give d(a).
-5
Let v(x) = x. Suppose 0*u - 4*t - 47 = 5*u, -5*t + 20 = -5*u. Let w be (-6)/21 + 124/u. Let b be (-4)/w + (-40)/18. What is v(b)?
-2
Let l(w) = 4*w - 14. Let b be l(6). Let g(y) = y**2 - 12*y + 14. Let c be g(b). Let i(v) = -2*v + 3. What is i(c)?
15
Let p = -9 - -10. Let m(s) be the second derivative of -2*s**3/3 - s**2/2 + s. Give m(p).
-5
Let s be 6/(-8)*(12 + 0). Let t = s + 7. Let h(i) = i**3 - i - 1. Determine h(t).
-7
Let r(y) = -y - 6. Let f(a) = a**2 + 6*a - 7. Let v be f(-7). Let l(b) = 2*b + 1. Let j be l(2). Let t = v - j. Calculate r(t).
-1
Let t(u) = -3*u**3 + 4 + 2*u**3 + 0*u**3. Let l(z) = -9*z**3 - 2*z**2 + 1. Let a be l(-1). Let d be a/12 + (-2)/3. Give t(d).
4
Let q(g) = -3*g**2 + 20*g + 17. Let n(s) = 2*s**2 - 13*s - 11. Let f(l) = -8*n(l) - 5*q(l). Let h be (-4*1)/(1/(-1)). Calculate f(h).
3
Let i(q) be the first derivative of q**2 + q - 2. Let l be i(2). Let x(k) = 3*k - k - 2*k**2 - 1 - l*k**2. Calculate x(1).
-6
Let x(p) be the third derivative of p**6/120 + 7*p**5/60 + p**4/3 + 5*p**3/6 + p**2. Let i = -65 - -59. Give x(i).
-7
Let r = 1 + 4. Suppose 3*j = -4*g + 4, 5*g - 3*j = -5*j + r. Let z(s) = -3*s. Determine z(g).
-3
Let b(u) = -u**3 - 27*u**2 + 27*u - 32. Let j be b(-28). Let k(y) = y**3 + 3*y**2 - 2*y. Determine k(j).
-8
Let l(q) = 1. Let u(i) = -i - 2. Let m(v) = -l(v) + u(v). What is m(-8)?
5
Let w(b) = -b - 1. Let t be w(-2). Let i(s) = 6*s**2 - s. Calculate i(t).
5
Let w(m) = m**2 - 6*m + 7. Suppose -5*b + 5*x + 5 = 0, 3*b - 4*x + 2 = -0*b. Determine w(b).
7
Let n(m) = m**3 - 4*m**2 - 5*m + 5. Let o(h) = -3*h + 2*h + 0*h - h**3 - 5*h**2. Let x be o(-5). Give n(x).
5
Suppose 0 = 4*c - a - 10, -c = 4*a - 17 + 6. Let i(f) = -c + 13*f**2 - 12*f**2 - 2*f + 1. Determine i(-2).
6
Let y = 7 + -5. Let c(q) = -2 - y*q + 4*q**3 - 3*q**3 + 3*q**2 + 1. Let t(n) = 2*n - 3. Let k be t(0). Determine c(k).
5
Let x(p) = -2. Suppose -2*o + k = -o, 5*o + k = -6. Let j(m) = m + 1. Let f(u) = o*j(u) - x(u). What is f(-4)?
5
Suppose 0*b + 4*b = 8. Let a(p) = 2*p**2 + p + 2. Let z(y) = y**3 + 4*y**2 + 2*y + 5. Let s(x) = -5*a(x) + 2*z(x). Calculate s(b).
6
Let w(j) = 1 + 4*j - 5 - 7*j. Let m(c) = -c. Let z(n) = 6*m(n) - w(n). What is z(3)?
-5
Let x(g) = g + 1. Let o(v) = 5*v**2 + v - 1. Let w be o(1). Suppose 2*j - w = j. Suppose -2*l - j = -l. Give x(l).
-4
Suppose 0*c + 4*c - 8 = 0. Let o(r) = -6 - 20*r + 4*r**2 + 3*r - 2*r**c. Let d(g) = -g**2 + 8*g + 3. Let m(b) = 9*d(b) + 4*o(b). Calculate m(4).
3
Let u = -156 + 164. Let x(d) = d**3 - 7*d**2 - 11*d + 6. Calculate x(u).
-18
Let b(l) = -4*l - 1. Let f be -4*(2 - 1)*3. Let g be (f/(-15))/((-2)/(-10)). Suppose g*v + 4*u + 20 = 0, -3*v + 3*u + 9 = -0*v. What is b(v)?
3
Let z(n) = 41*n**2 - 3 - 86*n**2 - 4*n + 44*n**2. What is z(-2)?
1
Let d = 3 + 12. Let n be 18*(2 + d/(-9)). Let s(x) be the third derivative of x**5/60 - 7*x**4/24 + 5*x**3/6 + x**2. What is s(n)?
-1
Suppose 0 = 4*d - 20, -4*f - 2*d + 33 = 3*d. Let r(g) = -4*g**2 - 2. Let n(x) = -5*x**2 - x - 2. Let y(j) = 3*n(j) - 4*r(j). Determine y(f).
0
Let r(n) = -n**3 - 3*n**2 + 4*n + 6. Suppose 5*x = -3*u + 4*u - 16, 8 = -2*u. Give r(x).
6
Let g(x) be the second derivative of -x**5/30 - x**4/24 - x**3/6 - x. Let w(d) be the second derivative of g(d). Suppose 0 = -2*y + 6, 3*n + y = -y. Give w(n).
7
Let s(w) = -1. Let n(h) = -h - 8. Let d(g) = n(g) - 2*s(g). Determine d(-7).
1
Let z(j) be the third derivative of -j**6/120 - j**5/20 + j**3/3 + 45*j**2. Let o(g) = -g**2 + 4*g - 2. Let s be o(4). Calculate z(s).
-2
Let s(q) = q**3 - 5*q**2 - 1. Let c be -10*(1 + -1 - 1). Suppose a = 6*a - c. Suppose -a*u + u + 5 = 0. Calculate s(u).
-1
Let y(a) = 5 - a**3 - 10 - 10*a + 15*a**2 - 3*a**2. Give y(11).
6
Let q be (-3 + 2)*-2 - (2 + 1). Let t(g) = -15*g**2 + 1. Calculate t(q).
-14
Let f = 19 + -24. Let j(d) = -d**3 - 6*d**2 - 6*d - 4. What is j(f)?
1
Let b(c) = -c**2 + 9*c + 1. Let r(p) = p**2 - 10*p - 2. Let v(j) = -4*b(j) - 3*r(j). Let o be ((-2)/(-3))/(2/9). Suppose o*g = -0*g + 9. Calculate v(g).
-7
Suppose 0 = -s - 0*s + 7. Let m(z) = -z**2 + 6*z - 1. Determine m(s).
-8
Let w(f) = -f + 3. Let q(m) = m**2 + 6*m + 5. Let c be q(-7). Let r = -7 + c. Give w(r).
-2
Let h(s) = s**2 - 3*s - 6. Suppose 0 = -4*a - 3 + 39. Let z be (-22)/3 + 3/a. Let g(v) = v**3 + 8*v**2 + 6*v - 2. Let j be g(z). Give h(j).
4
Let f(l) = 2*l - 2. Let y = 6 + -2. Give f(y).
6
Let o(n) = n**2 - n - 3. Suppose r + 10 = 3*a, 4*a - r = 4*r + 17. Calculate o(a).
3
Let v(h) = -3*h + 8. Let k(u) = -u. Let l(z) = 2*k(z) - v(z). Calculate l(9).
1
Let h(g) = -g - 1. Let o be 8/(-12)*9/2 - -3. Determine h(o).
-1
Suppose -5 = -6*v + v. Let y(q) be the first derivative of 10/3*q**3 + 0*q - 1/2*q**2 - 2. Determine y(v).
9
Let o be 6/(-9)*-1*6. Let r(j) = j**3 - o*j + 2*j - 5*j**2 - 4*j + 4. Let y be r(6). Let p(g) = g**2 - 4*g - 4. Calculate p(y).
-4
Let v(h) = h - 6. Let r(x) = -2*x + 5. Let f(t) = 2*r(t) + 3*v(t). Determine f(-6).
-2
Let l(s) = s**3 + s**2 - s + 2. Let u be l(-2). Let b(t) = 1 + 2*t - 2*t + 0 + t. Give b(u).
1
Suppose -8*q + 2*q = 10*q. Let s(n) be the third derivative of -1/60*n**5 + 0*n + n**2 + 0*n**3 + q + 0*n**4. Give s(2).
-4
Let r(j) be the first derivative of j**3/3 - 5*j**2/2 - 1. Let m(h) = h**2. Let i be (-11)/4 + (-9)/(-12). Let u be m(i). Give r(u).
-4
Let l = 20 + -21. Let o(a) = 3*a**2 - a - 1. What is o(l)?
3
Let y(z) be the third derivative of z**6/360 + z**5/30 - z**4/24 - z**3/6 - 8*z**2. Let q(v) be the first derivative of y(v). What is q(-3)?
-4
Let o(p) be the first derivative of p**2/2 - 2*p + 1. Give o(6).
4
Let i(b) be the third derivative of -b**8/20160 + b**7/2520 + b**6/240 + b**5/60 + b**2. Let c(d) be the third derivative of i(d). What is c(4)?
-5
Let i(b) = -b - 10. Let s = -52 - -45. Give i(s).
-3
Let c(t) = t**2 - 6*t + 1. Let y(p) = 2 - 3 - 11*p + 0 - p**2 + 17*p. Let z(f) = 2*c(f) + 3*y(f). What is z(6)?
-1
Let s(y) be the first derivative of -y**2/2 - 5*y - 1. Determine s(-5).
0
Let y(s) = 2*s + 2. Suppose 3 = 3*x + 3*p, 2*x = 2*p - 13 + 3. Give y(x).
-2
Let q(u) = -7*u + 7 + 2*u + 0*u - u**2. Let d = -1 + -4. Calculate q(d).
7
Let y = -48 + 52. Let k(g) = -g**3 + 5*g**2 - 6*g + 3. What is k(y)?
-5
Suppose 4*b + 13 = -2*z + z, -10 = 2*z. Let o(a) = -a**2 + 2*a - 1. Calculate o(b).
-9
Let r(b) be the second derivative of b**4/12 - 5*b**2 + 23*b + 2. Give r(0).
-10
Let k be 7 + -5 - (-8)/2. Let o = -12 + k. Let h = 9 + o. Let q(x) = x**3 - 3*x**2 + 3*x - 2. Calculate q(h).
7
Let l(i) = -i**2 - i + 4. Let n be l(0). Let c(b) = -b**2 + 11*b**2 - 7*b**2 + 6*b - b**3 - 6. Determine c(n).
2
Let x(a) = -3*a**2 + 4. Let v(n) = -6*n**2 - n + 9. Let l(k) = 2*v(k) - 5*x(k). Let d = 5 - 3. Let p = 0 + d. Determine l(p).
6
Suppose -2*k = 4*i + 6, -4*k = -k - i - 12. Suppose 0 = 2*v - 4, -y - 2 = -k*v + 5. Let n = 1 + y. Let s(p) = p**2 - p - 11. Calculate s(n).
-11
Suppose -3*s - w + 5 = 0, 4*w = -2*s + w + 1. Let a(q) be the first derivative of -2*q**2 - s + 0*q + 1/3*q**3. Calculate a(4).
0
Let s(l) = -l**3 - 5*l**2 - 4*l + 1. Let h be s(-4). Let w(u) = -3*u**3 + 2*u**2 - 2*u + 1. Determine w(h).
-2
Let i = -3 - -7. Let q(t) = t - 3*t**2 + 5*t**2 - t**2 - 4*t. Determine q(i).
4
Let w(j) = -j + 2. Let l = 195 + -200. Give w(l).
7
Let f(l) be the third derivative of -l**5/60 - 5*l**4/24 - l**3 + 6*l**2. What is f(-4)?
-2
Suppose 3*b + 2 = 8. Let r(v) = 3 + 5*v + v + v**b - 3. Give r(-3).
-9
Suppose m + 5*n - 24 = -2*m, -5*m - n = -18. Suppose 8*o + 11 = 7*o + m*j, 3*o - 2*j + 12 = 0. Let s(f) = -2*f**3 - f**2 + f - 2. Give s(o).
8
Let j be (-1)/(-3)*3 + 5. Suppose 7*l - j*l + 4 = 0. Let z(n) = n. What is z(l)?
-4
Suppose -4*a - 3 = -11. Let l(x) = -x**3 - 7*x**2 - 6*x - 6. Let k be l(-6). Let h(r) = -r. Let d(t) = 3*t + 3. Let p(n) = k*h(n) - d(n). Determine p(a).
3
Let k(c) = -c**3 + c**2 + 3. Let m(d) = -d - 1. Let f be m(-1). Let b be 2/(-9) + (-2)/(-9). Let v = b + f. Determine k(v).
3
Suppose -4*u = -8*u - 28. Let r(m) = m**2 + 7*m - 4. What is r(u)?
-4
Let z(f) be the second derivative of f**4/12 - f**3 + 2*f**2 - 8*f. Let b(c) = -c**3 - 3*c**2 - 2*c. Let w be b(-3). What is z(w